11
Let q = -11 + 13. Suppose -q*j - 4*t = -20, 2*j - 3*t = -2*t + 20. List the prime factors of j.
2, 5
Let t(g) = 3*g - 5. Let s(c) = 4*c - 5. Let y(l) = -2*s(l) + 3*t(l). Let n(x) = x - 4. Let u(h) = -2*n(h) + 3*y(h). What are the prime factors of u(9)?
2
Suppose -7*n - 12 = -3*n. Let b(m) = m**2 - 2*m - 1. List the prime factors of b(n).
2, 7
Suppose -3*f = m - 8, -2*m = -7*m - 2*f + 40. Suppose -88 = -3*i + m. List the prime factors of i.
2
Let l be 176/28 + 10/(-35). Let a(k) be the second derivative of k**4/12 - 2*k**3/3 - 3*k**2 + 2*k. List the prime factors of a(l).
2, 3
Suppose 4*y = 5 + 79. List the prime factors of y.
3, 7
Let k = -72 + 101. Suppose j + 0*v = 4*v + k, -2*j = v - 22. What are the prime factors of j?
13
Let j(w) = -w**2 + 5*w - 6. Let x be j(4). Let m(f) = -f - 4*f + 2 + 3*f. What are the prime factors of m(x)?
2, 3
Suppose -2*b - q = 595, q + 4*q - 25 = 0. What are the prime factors of (-2)/(-3) + b/(-9)?
2, 17
Let i = -6 - -21. List the prime factors of (55/2)/(i/30).
5, 11
Suppose 102 + 15 = b. List the prime factors of b.
3, 13
Let n be (-12)/(-30) + (-46)/(-10). Suppose 2*a - w - 26 = a, -n*w - 61 = -2*a. What are the prime factors of a?
23
What are the prime factors of (10/(-20))/((-1)/(-2)) - -284?
283
Suppose w + w = -2. What are the prime factors of -52*(0 - w/(-4))?
13
Let j(v) = 7*v**3 - 5*v**2 + 7*v + 5. Let y(r) = 10*r**3 - 8*r**2 + 10*r + 7. Let h(i) = 7*j(i) - 5*y(i). What are the prime factors of h(4)?
2, 3
Suppose -2*f + 5*g = -28, -2*f + 3*g = -25 - 3. Suppose -46 - f = -5*h. List the prime factors of h.
2, 3
Let h be (-6)/4*42/(-9). Let w be 3 + -1 - (8 - h). What are the prime factors of w + (12 - 2) - 1?
2, 5
Let u(b) = 4*b - 1. Let o be u(-2). Let v = o + 14. List the prime factors of v.
5
Let a be (-4 + 2)*2/(-4). Let w be ((-52)/(-16))/(a/(-4)). Let m = -7 - w. List the prime factors of m.
2, 3
Suppose -3 = -4*h + 3*h. Let w(s) = s**2 - s - 4. Let x be w(h). List the prime factors of (-20)/(-2) + 1 + x.
13
Let a = -282 + 396. Suppose -2*t + a = t. What are the prime factors of t?
2, 19
Let z(d) = -d**3 + d**2 + d + 1. Let v(u) = 4*u**3 + 3*u**2 + 2*u - 6. Let t(i) = v(i) + 3*z(i). List the prime factors of t(-4).
3
Let f be ((-3)/(-4))/((-2)/(-8)). Suppose -3*k + 6 = f*c - 6, 44 = 4*c - 3*k. List the prime factors of c.
2
Let v(l) = -2*l**3 - 20*l**2 - 13*l + 2. List the prime factors of v(-10).
2, 3, 11
What are the prime factors of 9/6*24 + -4?
2
Let k(i) = i + 1. Let t(q) = -4 + 1 - 9*q - 1. Let h(o) = 4*k(o) + t(o). List the prime factors of h(-1).
5
List the prime factors of (-27)/18*(-40)/1.
2, 3, 5
Suppose l - d + 0*d + 7 = 0, -5*l - 43 = -3*d. Let q = 23 + l. List the prime factors of q.
2, 3
Suppose -x - 3*x + 16 = 0. Suppose x*p - 149 = 315. What are the prime factors of (-8)/(-20) - p/(-10)?
2, 3
Suppose 4*k + 1 = -71. Let g be k/(-14) + 2/(-7). Suppose 29 = 5*c - g. List the prime factors of c.
2, 3
Suppose -5*k + 26 = 3*h, h + 8 = -5*k - 0*k. What are the prime factors of h?
17
Let r(p) = -50*p**3 + p**2 + 3*p + 2. List the prime factors of r(-1).
2, 5
Suppose 2*y = 3*b + 66, -b = -5*y + 4*b + 170. Suppose 3*u = y + 18. What are the prime factors of u?
2, 3
Suppose -5*x + 305 = 5*g, 5*x + 3*g - 323 = 4*g. List the prime factors of x.
2
Let h(q) = -q - 5. Let k be h(4). Let a be (-79)/k + (-10)/(-45). Let j = a + -3. List the prime factors of j.
2, 3
What are the prime factors of (290 - (-2 - -1)) + (-32 - -34)?
293
Let u(s) = -22*s. Let y(j) = j + 1. Let i(w) = u(w) - y(w). Let x be i(-1). Suppose 3*c - x = -3*l - 1, 28 = 3*c - 4*l. List the prime factors of c.
2
Let d(y) = y**2 - 2*y - 1. Let m = -1 + 0. What are the prime factors of d(m)?
2
Suppose 5*t = -4*t + 171. What are the prime factors of t?
19
Let c(m) = -11*m**2 - 32*m + 1. Let s(v) = -7*v**2 - 21*v + 1. Let t(h) = -5*c(h) + 8*s(h). Let k = -5 - 3. List the prime factors of t(k).
3
Suppose 2*x + t + 2*t = 123, t - 327 = -5*x. What are the prime factors of x?
2, 3, 11
Suppose 3*m - 36 = -4*l - 1, -25 = -5*l. Suppose m*g - 87 = -f + 4*f, -76 = -4*g - 4*f. What are the prime factors of g?
2, 3
Let q = 721 - 341. What are the prime factors of q?
2, 5, 19
Suppose 117 = 5*h - 258. List the prime factors of h.
3, 5
Let t(p) = 3*p + 4. Suppose -3*k - 3*y - 3 = 0, -2*y = 11 - 1. Let g be t(k). Suppose -3*m = 1 - g. What are the prime factors of m?
5
Suppose 0 = -3*k - 60 + 288. List the prime factors of k.
2, 19
Let l(o) = 3*o - 6 + o - 5*o. Let y be l(-8). Let q(x) = 6*x - 1. What are the prime factors of q(y)?
11
Suppose t + 2*y + 35 = 6*t, 10 = 5*t + 3*y. Let d = t + 1. Let u = 14 - d. What are the prime factors of u?
2
Let u(y) = 7*y**2 - 7*y + 6. Let l be u(11). List the prime factors of l/28 + 2/7.
2, 7
Suppose 3*l = -2*l + 15. Suppose -2*o - 2*o + 4 = 0. List the prime factors of o/((-6)/(-10))*l.
5
Let x(d) = -d. Let z be x(-4). Let p(l) = 2*l**2 - 3*l + 1. Let s be p(2). Suppose -z*f = 4*b - 36, -s*f + 30 = 2*b - 7*f. What are the prime factors of b?
11
Let y be -2*(-3 - 2/2). Let q be (-10)/y*(5 + -1). Let s = q - -12. List the prime factors of s.
7
Let j = -185 - -315. What are the prime factors of j?
2, 5, 13
Let r(z) = 4*z**3. Let v(y) = -y**2 + y + 1. Let w be v(0). Let f be r(w). Suppose 5*x = -7*t + 2*t - 5, f*t + 3*x - 1 = 0. List the prime factors of t.
2
Suppose -3*m + 96 - 36 = 0. Let w = m - 0. List the prime factors of w.
2, 5
Suppose -4*c - 9 = -25. Suppose -o - 24 = -2*j - 0*o, j + c*o - 3 = 0. List the prime factors of j.
11
Suppose 0 = x - 6*x + 40. Let l(r) = r - 3. Let n be l(6). Let m = x - n. List the prime factors of m.
5
Suppose 4*g + 6 = 2. What are the prime factors of 39 + 0/1 + g?
2, 19
Suppose 35 = 3*q + 2*q. Suppose 2*u - 2*t = -1 + q, -u + 5*t + 7 = 0. What are the prime factors of (15/u)/((-3)/(-4))?
2, 5
Let p = -159 + 305. List the prime factors of p.
2, 73
Suppose 1 = 2*s + x, 17 = s - 5*x - 0*x. Suppose -s*b - 4 = -4*b. What are the prime factors of b?
2
Let i(z) = -z - 5. Let d be (8/3)/((-6)/(-9)). Let l be i(d). Let j = 21 + l. List the prime factors of j.
2, 3
Let n(i) = 5*i + 10. Let v(b) = -6*b - 9. Let t(d) = 5*n(d) + 4*v(d). What are the prime factors of t(-11)?
3
Suppose 0 = -4*q + 11 + 9. Suppose -q*n = 4*f - 37, 5*f = -n + 6 + 14. What are the prime factors of n?
5
Suppose 3*s - 73 = -7. Suppose -f - s = -2*f. List the prime factors of f.
2, 11
Let s(t) = t**3 + 4*t**2 - 6*t + 4. Let q be s(-5). Suppose 31 = 5*l + r, l - q = -4*r + r. What are the prime factors of l?
2, 3
Let h = -22 + 58. What are the prime factors of h?
2, 3
Suppose -32 = -5*q + c + 2*c, c = 3*q - 16. Suppose 2*g = -q, 0 = -h - 2*g - 2*g + 6. Suppose -5*j + 3*y + 18 = y, 5*y = -3*j - h. List the prime factors of j.
2
Let g(p) = -90*p**3 + 3*p**2 + 3*p + 1. What are the prime factors of g(-1)?
7, 13
Let t(d) = d**2 - 3*d + 8. Let b be t(7). Suppose 0 = -u - 2*u + b. List the prime factors of u.
2, 3
Let h(y) = -y**2 + 5*y - 4. Let z(c) = c - 1. Let f be z(5). Let w be h(f). Suppose -40 = -3*x - w*x - b, -b + 14 = x. What are the prime factors of x?
13
Suppose 856 = 3*a + 5*l, 3*a - 858 = 26*l - 29*l. List the prime factors of a.
7, 41
Suppose -3*k = -8*k + 70. Let c = 39 - k. List the prime factors of c.
5
List the prime factors of (24 - -5) + (-1)/1.
2, 7
Suppose 0 = -3*x - 3*b + 27, -5 = b - 0. What are the prime factors of x?
2, 7
Suppose 50 = 4*t + 6. Let q = -1 + t. Let n = -6 + q. What are the prime factors of n?
2
Suppose 34 = 3*w - 26. What are the prime factors of w?
2, 5
Let d = 17 + -6. List the prime factors of d.
11
Let k be 3 + 51 + (2 - 0). Let l = -39 + k. What are the prime factors of l?
17
Let b(h) = 3*h**2 - 2*h + 8. List the prime factors of b(-4).
2
Let w(q) = q**2 - 9*q + 10. Suppose -4 = -a + 3. Let y be w(a). List the prime factors of (-4)/2*y*2.
2
Let g = -7 - -12. Suppose -35 = -2*c - 3*p, -4*c + g*p + 18 = -19. List the prime factors of c.
13
Let r = 218 - 156. List the prime factors of r.
2, 31
Let d = -11 - 7. Let a = 26 - 0. Let j = d + a. List the prime factors of j.
2
Suppose 0 = 2*g + 2*f - 26, g = -2*g + 2*f + 19. Let v(h) = 5*h - 13. List the prime factors of v(g).
2
Let r(f) = 44*f**2 + 1. What are the prime factors of r(-1)?
3, 5
Let p be 3 - (0 - -3 - 0). Suppose p 